0 = 4*g + 6*g - 760. Calculate the highest common divisor of 4 and g.
4
Suppose 4*g - u = 159, 156 = 4*g - u - 3*u. Calculate the greatest common factor of 30 and g.
10
Suppose 0 = 4*f + 205 - 45. Let i be 3*f*(-10)/20. Calculate the highest common factor of i and 24.
12
Let c be (-12)/(-3) + 5/((-5)/3). What is the greatest common divisor of c and 8?
1
Suppose a - 94 = -3*g - 0*g, -3*g - 4*a = -106. Calculate the greatest common factor of 18 and g.
6
Suppose 8*v - 71 = 9. Suppose 6*b + 552 = v*b. What is the greatest common factor of b and 46?
46
Suppose 2*j = -780 + 858. What is the greatest common factor of j and 598?
13
Let o be (1 - (-6)/(-3))*-16. Calculate the greatest common divisor of 176 and o.
16
Let f(n) = -346*n - 11. Let m be f(4). Let w be (-3)/(3 + m/462). What is the highest common divisor of 14 and w?
14
Suppose 5*q = 5*j - 10, 3*j - j - 1 = 5*q. Suppose j*t + t = 0. Suppose -d + 2 + 0 = t. What is the greatest common divisor of 2 and d?
2
Let b = 1446 - 1326. What is the greatest common divisor of b and 3?
3
Suppose -2*n = -c - 2 - 1, -4*c + 14 = 5*n. Let t(b) = 2*b**2 + 3*b + 1. Let p = 5 + -7. Let g be t(p). What is the highest common divisor of g and c?
1
Suppose -8 = -16*d + 15*d. Let g be ((-28)/(-6))/(d/612). Suppose g - 37 = 5*h. What is the greatest common divisor of h and 16?
16
Let n = 1151 + 74. What is the highest common factor of 75 and n?
25
Suppose -4*v = v - 2*o - 171, -4*o = 5*v - 153. Let l = 12 + -5. Suppose 4*n = j + l*n - 14, -40 = -4*j + 4*n. Calculate the greatest common divisor of v and j.
11
Let c be (-26)/(-6) + (-2)/6. Suppose -s = c*y - 445, -104 - 141 = -2*y - 5*s. Let l be y/(-4)*(-104)/10. Calculate the highest common factor of 26 and l.
26
Let z be 2/6 + 224/12. Suppose 5*w - 55 = 3*g, -5*w - g = -4*w - z. Calculate the greatest common divisor of w and 7.
7
Let i(r) = 6*r - 52. Let j be i(9). Suppose 51 - 10 = b - 4*s, j*b = -3*s + 38. Calculate the greatest common divisor of b and 100.
25
Let w be (-224)/1008 + 1073/9. What is the highest common divisor of w and 527?
17
Let f(o) = 9*o**2 + o. Let a be f(-1). Let t = -169 - -171. Suppose 6*m = t*m + a. Calculate the greatest common divisor of m and 4.
2
Let q(h) = 19*h + 186. Let w be q(-9). What is the highest common factor of w and 10?
5
Suppose 0 = -5*a + 25 + 20. Let p = 1135 - 1036. What is the greatest common factor of a and p?
9
Let t be ((-26)/(-65))/(3/270). What is the greatest common factor of 468 and t?
36
Let m be 2*(70/(-4) + -1). Let v be -27 + (9/3 - 0). Let h = v - m. What is the highest common factor of h and 104?
13
Let o be 16/(-2) - -4 - 51. Let r = 83 + o. Calculate the highest common divisor of r and 42.
14
Suppose u + q - 197 = 100, 306 = u + 4*q. What is the greatest common factor of 6 and u?
6
Let u = 4901 + -2731. What is the highest common divisor of 70 and u?
70
Suppose 4*a - 180 - 172 = 0. Suppose 3*g - a = 7*g. Let f = g + 78. What is the greatest common factor of 14 and f?
14
Suppose 16 = 110*z - 108*z. Suppose 4*m + 8 = -48. Let y = m + 38. Calculate the greatest common factor of y and z.
8
Suppose -17*b + 41*b - 9840 = 0. What is the highest common divisor of b and 30?
10
Suppose -2*o = -62 - 14. Suppose -85 = -2*u + 3*i, u - i - 9 = 32. What is the greatest common divisor of u and o?
38
Let p = -29 + 17. Let x = 34 + p. Let h(g) = g**3 - 4*g**2 + 4*g + 10. Let k be h(5). Calculate the highest common divisor of k and x.
11
Let n = -59 - -83. Suppose v - 66 - n = 0. Let h(b) = -b**3 - 3*b**2 + 12*b. Let u be h(-6). Calculate the highest common factor of u and v.
18
Suppose -4*u - q + 1198 = 0, -501 - 701 = -4*u - 3*q. Calculate the greatest common factor of u and 26.
13
Let q = 1734 + -1674. Calculate the greatest common divisor of 24 and q.
12
Suppose 7*h - 54 = 2*h + 2*o, -4*h + o = -42. Suppose -59*v + h = -57*v. Calculate the highest common factor of 45 and v.
5
Let o be 820/50 - 6/(-10). Let c = o + -13. Suppose -m + c*t + 94 = 2*m, 4*t - 86 = -3*m. Calculate the greatest common factor of m and 210.
30
Suppose t + 3*t = -n + 55, -10 = -t - n. Suppose -6 = 3*h, 4*s = 2*h - 3*h + 118. Calculate the greatest common factor of t and s.
15
Suppose 13*i - 1312 = 898. What is the highest common divisor of i and 10?
10
Let p(t) = 2*t - 11. Let q be p(7). Suppose -q*d + 31 = -3*m + 82, -49 = -2*m + 5*d. What is the greatest common divisor of 132 and m?
12
Let l(f) = f**2 + f - 24. Suppose 3*m - 21 = 6*m. Let b be l(m). Let y = 233 - 161. What is the highest common factor of b and y?
18
Let r be 21*4/18 - 4/6. Let p be r - (-2 - (-2 - -27)). What is the highest common factor of p and 1?
1
Let y = -230 - -510. What is the highest common factor of 112 and y?
56
Suppose -8*i + 75 = -3*i. Let z = -30 + i. Let v be (-9)/z + 32/5. Calculate the greatest common factor of 28 and v.
7
Let r be (-1 - (0 + -3))/(107/17976). What is the greatest common divisor of r and 8?
8
Let d = -186 - -231. Let s(v) = v + 1. Let y be s(4). Calculate the greatest common divisor of d and y.
5
Suppose 2*c + 4 = 32. Suppose -15 = z + c. Let o = z + 45. Calculate the highest common factor of o and 8.
8
Let u(o) = -o**3 + 15*o**2 - 13*o - 14. Let d be u(14). Suppose d = -2*c + 18 + 24. What is the greatest common divisor of c and 231?
21
Let k(n) = n**2 - 17*n + 53. Let i be k(13). Let o(v) = -v**2 - 6*v + 8. Let z be o(-7). Calculate the greatest common factor of i and z.
1
Let i be (2/(-6))/(13 - (-22818)/(-1755)). Calculate the highest common factor of i and 15.
15
Let y(h) = -34*h - 1. Let k be y(1). Suppose -4*j - 97 = 4*m - 397, -3*m - 15 = 0. Let n = k + j. What is the greatest common factor of 18 and n?
9
Let r(g) = g + 7. Suppose -22 = -3*a + 14. Suppose -10*k - 16 = -a*k. Let q be r(k). What is the highest common divisor of 30 and q?
15
Suppose 51*p + p - 18980 = 0. Calculate the greatest common factor of p and 73.
73
Let s = 133 + -95. Let p(b) = -b**2 + 57. Suppose -3*h + 6*h = 0. Let w be p(h). What is the highest common divisor of w and s?
19
Let r = 80 - 183. Let j = 205 + r. Let l = 168 - j. What is the highest common divisor of l and 6?
6
Suppose -3566 + 28206 = 70*f. What is the highest common divisor of f and 77?
11
Suppose -2*l = -14*l + 4368. Let b = l + -130. Calculate the greatest common divisor of b and 18.
18
Suppose -5*u - 95 = -5*g, 3*u = 3*g - 2*g - 27. Calculate the greatest common factor of g and 25.
5
Let z = -11 + 16. Suppose 5*k = 3*m - 76, 0 = z*m + 6*k - 3*k - 104. Let p be 21 - (-1)/3*3. What is the greatest common divisor of p and m?
22
Suppose 0 = 3*s - l - 66, 2*l - 33 = -5*s + 77. Suppose 5*k + 5 = 4*k. Let b be (44/(-10))/(1/k). What is the greatest common factor of b and s?
22
Let g be (-2 + -4)/(2*(-3)/45). Calculate the greatest common divisor of g and 210.
15
Suppose 5*y - 361 - 109 = 0. Let t be y/18 - 32/144. Suppose 29 = s - 26. What is the greatest common factor of s and t?
5
Let y be (-86)/(-3) - (-6)/18. Let k(n) = n**3 - 16*n**2 - 22*n - 20. Let z be k(18). What is the highest common factor of y and z?
29
Let r = -15 + 29. Suppose -r = -h - 3. What is the greatest common factor of h and 99?
11
Suppose 4*h - 2*z + 80 = 8, 0 = -2*h + 2*z - 36. Let l be (-176)/h + 2/9. Suppose 0 = -3*v - 19*v + 1540. Calculate the highest common divisor of l and v.
10
Let b(i) = i**2 - 16*i - 2. Let t be b(20). Calculate the highest common divisor of t and 156.
78
Let b = 35 + -19. Suppose 0 = 2*i - 24 - b. What is the highest common divisor of 20 and i?
20
Let t(i) = 17*i + 2. Let p be t(2). Suppose 0 = 6*u + 8*u - 868. Let v = 71 - u. Calculate the greatest common divisor of p and v.
9
Suppose 46*g + 70 = 44*g. Let h = g + 36. Let n be -1 + -6*3/(-2). Calculate the greatest common factor of h and n.
1
Let l(p) = -4*p - 25. Let f be l(-11). Suppose a - 37 = f. Calculate the greatest common factor of 7 and a.
7
Let s = 1853 + -1815. Calculate the highest common factor of s and 1349.
19
Let q = 257 - 136. Let y(a) = -11*a. Suppose -5*k - 1 - 4 = 0. Let s be y(k). Calculate the highest common divisor of q and s.
11
Let r = 4 - 1. Let t be (-4 + r)*2 - -12. What is the highest common divisor of t and 100?
10
Suppose x + c = -3*x + 20495, 3*c + 20515 = 4*x. Calculate the highest common divisor of x and 41.
41
Let o